9. What is a(-80)?
301
Let b(r) = r**2 + 29*r + 231. Determine b(-13).
23
Let z(x) = -x**2 + 25*x + 1564. Give z(-29).
-2
Let p(d) = -d**3 + 12*d**2 - 5. Give p(12).
-5
Let t(z) = 274*z + 1902. Calculate t(-7).
-16
Let w(d) = -d**3 + 343*d**2 - 321*d - 7188. What is w(342)?
-6
Let y(d) = 2*d**3 - 525*d**2 + 3329*d - 220. Calculate y(256).
36
Let l(x) = -x**2 - 14*x + 298. Calculate l(12).
-14
Let w(z) = -z**2 - 32*z + 1354. Give w(24).
10
Let r(b) = -4*b**2 - 321*b - 2041. Calculate r(-7).
10
Let n(v) = 852*v + 1694. Determine n(-2).
-10
Let x(k) = -13*k**3 + k**2 + 13*k - 33. What is x(0)?
-33
Let z(x) = -x**2 + 16*x - 153. What is z(9)?
-90
Let m(r) = 6*r**3 - 109*r**2 + 28*r + 2. Calculate m(18).
182
Let y(g) = 20*g + 1824. Calculate y(-75).
324
Let a(t) = 177*t + 1764. Determine a(-10).
-6
Let y(u) = u**2 + 17*u - 1791. What is y(-53)?
117
Let v(u) = 3*u**3 + 137*u**2 - 52*u - 279. Calculate v(-46).
-3
Let j(m) = -4615*m - 41537. Give j(-9).
-2
Let i(w) = -3*w**2 - 231*w + 715. Give i(3).
-5
Let m(h) = 102*h + 1865. Calculate m(-19).
-73
Let x(c) = -2614*c - 15679. Determine x(-6).
5
Let i(f) = -64*f**3 + 72*f**2 - 16*f + 17. Calculate i(1).
9
Let z(r) = r**3 + 13*r**2 + 12*r - 12. Give z(-12).
-12
Let t(u) = 2*u**3 + 6*u**2 - 140*u - 10. Give t(7).
-10
Let x(z) = -2*z**3 - 51*z**2 - 71*z + 22. What is x(-24)?
-2
Let d(a) = -2*a**2 + 43*a - 274. What is d(12)?
-46
Let k(c) = c**3 - 13*c**2 + 321*c - 2907. Calculate k(10).
3
Let t(b) = 5*b**3 + 56*b**2 + 65*b + 54. Determine t(-10).
4
Let f(q) = 6067*q - 54599. What is f(9)?
4
Let h(m) = -3*m**3 + 98*m**2 - 158*m + 99. Determine h(31).
6
Let f(p) = -p**2 - 176*p - 2125. Determine f(-12).
-157
Let v(o) = 24*o + 1062. Calculate v(0).
1062
Let z(n) = 2*n**2 + 3642*n - 14601. Determine z(4).
-1
Let o(z) = 11296*z + 45195. What is o(-4)?
11
Let k(s) = 55*s - 162. Calculate k(7).
223
Let w(q) = -118*q - 38. Determine w(-3).
316
Let y(s) = s**3 + 13*s**2 - 1013*s + 44. Determine y(-39).
5
Let t(h) = h**2 - 21*h - 93. Give t(26).
37
Let i(l) = 14*l - 666. What is i(35)?
-176
Let b(u) = 15989*u + 383741. What is b(-24)?
5
Let c(u) = -u**2 + 83*u + 825. Determine c(-9).
-3
Let k(p) = 33*p - 513. What is k(13)?
-84
Let g(b) = -b**3 + 3*b**2 - 18*b - 96. Determine g(0).
-96
Let m(z) = -251*z + 11043. What is m(44)?
-1
Let l(j) = -j**2 + 119*j - 2667. Calculate l(30).
3
Let y(i) = -35*i + 4327. What is y(104)?
687
Let g(x) = 27*x**2 + 940*x - 170. Give g(-35).
5
Let b(l) = l**3 - l**2 - 37*l + 78. Calculate b(3).
-15
Let v(f) = 151*f - 2888. What is v(19)?
-19
Let h(x) = -2*x**3 + 15*x**2 - 2*x - 33. What is h(8)?
-113
Let c(o) = -261*o - 5739. Determine c(-22).
3
Let h(w) = -w**3 - 31*w**2 + 12*w + 447. Give h(-31).
75
Let a(z) = -z**2 + 13*z + 9056. Give a(102).
-22
Let f(r) = 4*r**2 - 35*r - 774. Calculate f(19).
5
Let a(w) = w**3 - 168*w**2 - 1225*w - 12. Give a(175).
-12
Let m(q) = -2*q**3 - 70*q**2 - 294*q - 106. Calculate m(-30).
-286
Let p(b) = 19*b - 141. Give p(8).
11
Let s(r) = -4*r**2 + 127*r - 3. Give s(29).
316
Let h(w) = 28*w**2 + 2*w + 4. What is h(-1)?
30
Let r(f) = -f**3 - 7*f**2 + 260*f. Calculate r(-20).
0
Let v(a) = a + 15. What is v(-75)?
-60
Let k(y) = -y**3 + 41*y**2 - 255*y - 71. Determine k(8).
1
Let p(m) = -202*m + 6866. Calculate p(34).
-2
Let y(b) = 3*b**2 + 4*b - 895. Give y(-18).
5
Let q(l) = -l**2 - 3091*l + 77909. What is q(25)?
9
Let j(o) = -115*o + 888. Give j(11).
-377
Let m(h) = 302*h - 3049. Determine m(10).
-29
Let r(b) = b**3 - 71*b**2 - 64*b + 109. Calculate r(72).
685
Let h(r) = -12*r**2 - 309*r - 18. Determine h(-24).
486
Let b(c) = -2*c**2 - 5*c + 8. What is b(2)?
-10
Let o(m) = -212*m - 676. Determine o(-4).
172
Let d(y) = -8*y**2 - 9*y + 5. Determine d(-3).
-40
Let w(n) = 141*n + 3257. Determine w(-23).
14
Let u(p) = -4967*p - 24840. Calculate u(-5).
-5
Let q(z) = z**3 + 3*z**2 + 11*z - 27. Give q(2).
15
Let o(s) = s**3 - 85*s**2 - 158*s - 1402. Give o(87).
-10
Let f(k) = k**3 - 3*k**2 - 23*k - 11. Calculate f(6).
-41
Let j(o) = -23*o + 232. Calculate j(11).
-21
Let q(y) = y**2 + 47*y - 162. Give q(-29).
-684
Let p(l) = -6*l**2 - 87*l - 88. Give p(-1).
-7
Let y(d) = -65*d**2 - 332*d + 62. Give y(-6).
-286
Let w(z) = -2*z**2 - 51*z - 46. What is w(-28)?
-186
Let d(u) = -226*u - 2418. Give d(-10).
-158
Let h(k) = 3*k**2 + 358*k + 709. Give h(-2).
5
Let t(d) = 6*d - 175. Calculate t(23).
-37
Let v(t) = t**2 - 5*t - 63. What is v(15)?
87
Let p(l) = -l**2 - 5*l + 102. Determine p(10).
-48
Let h(d) = -d**2 + 38*d - 219. What is h(31)?
-2
Let r(u) = u**3 + 21*u**2 - 4*u - 108. Determine r(-21).
-24
Let t(m) = 21*m + 19. Calculate t(-7).
-128
Let r(g) = -154*g**3 + g**2 + 4*g + 2. Determine r(-1).
153
Let r(y) = 654*y + 16352. Calculate r(-25).
2
Let c(l) = l**2 + 35*l + 104. Calculate c(-23).
-172
Let y(p) = p**3 + 19*p**2 + 102*p + 4. Calculate y(-11).
-150
Let i(p) = 28*p**2 + 213*p + 6. What is i(-7)?
-113
Let x(h) = 3*h**2 - 15*h - 6. Give x(9).
102
Let z(t) = -20*t - 698. Calculate z(-38).
62
Let q(o) = o**2 - 216*o + 2445. Determine q(12).
-3
Let u(k) = 1784*k + 35612. Give u(-20).
-68
Let r(u) = 13*u**2 - 1759*u - 1226. What is r(136)?
-2
Let q(g) = -g**3 - 37*g**2 - 31*g + 152. Determine q(-36).
-28
Let n(u) = -u**3 + 16*u**2 - 5*u + 106. Calculate n(16).
26
Let b(r) = -r**3 + 11*r**2 + 16*r - 41. Give b(12).
7
Let g(p) = 347*p - 690. What is g(2)?
4
Let m(u) = 83*u + 80. Determine m(4).
412
Let x(g) = 706*g + 46601. What is x(-66)?
5
Let m(r) = -2*r + 99. Determine m(49).
1
Let b(x) = -45*x**2 + 8*x - 20. Determine b(3).
-401
Let r(s) = -5*s**2 - 9*s - 3. Give r(2).
-41
Let l(y) = 46*y + 8077. Determine l(-175).
27
Let w(s) = s**3 - 7*s**2 - 36*s + 61. Determine w(10).
1
Let s(v) = 4*v**2 + 43*v - 44. Give s(1).
3
Let s(k) = 3*k**2 - 346*k + 1389. Give s(4).
53
Let i(g) = g**2 + 34*g - 251. What is i(-47)?
360
Let w(z) = -85*z - 272. What is w(-3)?
-17
Let m(b) = -b**3 - 7*b**2 + 35*b + 237. Give m(-5).
12
Let p(x) = -x**3 - 17*x**2 + 576*x - 69. What is p(-34)?
-1
Let w(g) = g**3 + 5*g**2 + 3*g - 1. What is w(-3)?
8
Let w(a) = -a**3 + 12*a**2 + 30*a - 31. What is w(14)?
-3
Let u(f) = f**3 + 10*f**2 - 33*f - 5. What is u(-12)?
103
Let c(p) = 608*p - 77819. What is c(128)?
5
Let h(d) = 27*d**3 - 107*d**2 - 6*d + 14. What is h(4)?
6
Let g(w) = -w**3 + 10*w**2 + 81*w - 775. Determine g(8).
1
Let b(n) = n**2 - 30*n + 90. Determine b(24).
-54
Let h(y) = 3*y**3 + 34*y**2 + y + 8. Calculate h(-7).
638
Let w(p) = -p**3 - 12*p**2 - 42*p - 198. Give w(-10).
22
Let s(u) = u**2 + 96*u + 464. Give s(-91).
9
Let t(l) = l**2 - 39*l - 505. What is t(-10)?
-15
Let i(k) = -104*k**2 + 29*k + 25. Determine i(-1).
-108
Let d(b) = 36*b - 367. Determine d(10).
-7
Let b(r) = 26*r**3 + 4*r**2 + 3*r - 5. Give b(2).
225
Let l(q) = -11*q**3 - 5*q**2 - 5*q - 9. Give l(-2).
69
Let i(h) = h**3 + 8*h**2 - 63*h - 5. What is i(-13)?
-31
Let v(g) = 130*g + 325. Give v(-6).
-455
Let i(s) = s**2 + 22*s - 82. Give i(-25).
-7
Let w(p) = -p**3 + 130*p**2 + 4422*p - 50. Determine w(-28).
6
Let g(r) = r**2 + 29*r + 55. Give g(-22).
-99
Let b(x) = 21*x**2 - 153*x - 113. Give b(8).
7
Let t(k) = -788*k - 74067. Calculate t(-94).
5
Let x(p) = -93*p - 1681. Give x(-18).
-7
Let m(w) = 3*w**2 + 29*w + 16. Determine m(-5).
-54
Let d(m) = 19*m**3 - 3*m**2 - 4*m + 6. Determine d(-2).
-150
Let d(n) = -5*n + 306. Give d(7).
271
Let l(z) = 56*z + 214. Determine l(-5).
-66
Let t(u) = 81*u - 780. Calculate t(7).
-213
Let d(j) = -8*j**2 + 12*j + 6. What is d(2)?
-2
Let m(d) = d**3 - 19*d**2 + 13*d + 37. Determine m(18).
-53
Let m(b) = 47098*b - 659375. What is m(14)?
-3
Let c(s) = -2*s**3 + 5*s**2 - 15*s + 35. Calculate c(3).
-19
Let x(m) = -16*m**2 - 22*m + 16. What is x(-2)?
-4
Let m(v) = v**2 - 28*v - 74. Give m(16).
-266
Let g(i) = i**3 - 80*i**2 + 155*i + 81. Calculate g(78).
3
Let y(q) = 3*q**3 - 315*q**2 - 2*q + 198. Give y(105).
-12
Let w(d) = 2*d**3 + 50*d**2 - 47*d - 137. Determine w(-26).
-267
Let x(t) = -9*t**3 + 39*t**2 + 11*t - 2. What is x(4)?
90
Let x(y) = 5*y**2 - 97*y - 82. Calculate x(20).
-22
Let s(y) = -y**3 - 31*y**2 + 301*y - 410. Determine s(-39).
19
Let j(o) = -o**2 - 10*o + 848. Calculate j(27).
-151
Let o(w) = -2*w**3 - 9*w**2 + w + 14. Give o(-6).
116
Let f(q) = 22*q**3 - 195*q**2